ide 30305704?
True
Does 133 divide 48284320?
True
Is 13863970 a multiple of 502?
False
Is 3 a factor of 5297490?
True
Is 42421050 a multiple of 525?
True
Is 136573098 a multiple of 176?
False
Is 7 a factor of 7213976?
True
Is 81 a factor of 69359318?
False
Is 169 a factor of 18030330?
False
Is 289 a factor of 164463831?
True
Is 4 a factor of 1234096?
True
Is 123095148 a multiple of 4563?
False
Does 7 divide 74453071?
True
Is 945936600 a multiple of 2100?
True
Is 37773031 a multiple of 27?
False
Does 14 divide 5135198?
False
Is 22 a factor of 35895816?
True
Is 990474485 a multiple of 5005?
True
Does 68 divide 472348808?
True
Is 56136516 a multiple of 578?
True
Is 11307099 a multiple of 322?
False
Is 589150374 a multiple of 8?
False
Does 743 divide 6061324017?
False
Does 53 divide 295974735?
False
Is 288268172 a multiple of 32?
False
Is 54476160 a multiple of 34?
True
Is 273115160 a multiple of 13352?
True
Is 39857863 a multiple of 1023?
False
Does 47 divide 237186393?
True
Is 431 a factor of 508036493?
False
Does 416 divide 1163156048?
False
Does 45 divide 79550280?
True
Is 28501994 a multiple of 6?
False
Is 3244 a factor of 213053018?
False
Is 55 a factor of 26199130?
False
Is 5537424 a multiple of 393?
False
Is 11 a factor of 778319520?
True
Is 210 a factor of 43957674?
False
Does 15 divide 1320969405?
True
Is 248426072 a multiple of 12?
False
Is 81 a factor of 42683180?
False
Is 252 a factor of 6229188?
True
Does 943 divide 461872913?
True
Does 17 divide 31355055?
True
Is 6302595 a multiple of 6?
False
Does 333 divide 174117039?
False
Does 86 divide 1594230590?
True
Does 64 divide 3726108?
False
Is 88 a factor of 2926085888?
True
Does 38 divide 146384870?
False
Is 144325460 a multiple of 4608?
False
Is 542016014 a multiple of 6175?
False
Is 354 a factor of 36316789?
False
Is 185826049 a multiple of 101?
False
Is 18921978 a multiple of 783?
True
Is 6943116504 a multiple of 151?
True
Is 223 a factor of 859484146?
False
Is 24 a factor of 74798015?
False
Is 200383075 a multiple of 2285?
True
Does 16 divide 3410128?
True
Is 2057 a factor of 3789302550?
True
Does 761 divide 3184849?
False
Is 436273722 a multiple of 2274?
True
Is 13 a factor of 545584000?
True
Does 3714 divide 32708350?
False
Is 69 a factor of 8238896?
False
Is 90689899 a multiple of 2264?
False
Is 27370890 a multiple of 3398?
True
Is 30579165 a multiple of 7?
False
Does 370 divide 87258594?
False
Is 187 a factor of 1105820?
False
Is 679 a factor of 271476422?
True
Does 22 divide 54317340?
True
Is 26 a factor of 3391561056?
True
Is 469303658 a multiple of 184?
False
Is 1987227813 a multiple of 2697?
True
Is 176 a factor of 93631914?
False
Is 21 a factor of 23414874?
True
Is 288134284 a multiple of 112?
False
Is 5240452 a multiple of 26?
False
Is 397952830 a multiple of 1870?
True
Does 27 divide 137643003?
True
Is 85575076 a multiple of 40?
False
Is 116 a factor of 55025412?
True
Is 25 a factor of 44785900?
True
Is 15545020 a multiple of 28?
False
Is 35 a factor of 339195122?
False
Is 872 a factor of 101968050?
False
Does 2103 divide 271286451?
False
Is 17638912 a multiple of 64?
True
Is 22 a factor of 99429656?
False
Is 481 a factor of 28242836?
False
Is 942 a factor of 656273502?
True
Is 204 a factor of 234847248?
True
Is 176422302 a multiple of 3906?
True
Is 11 a factor of 806154656?
False
Is 177494423 a multiple of 1047?
False
Does 9 divide 57136860?
True
Is 5835998 a multiple of 217?
True
Does 6 divide 5019878?
False
Does 567 divide 31042575?
False
Is 2119 a factor of 1922981583?
False
Is 4914 a factor of 286764472?
False
Is 73691841 a multiple of 5?
False
Is 68121450 a multiple of 50?
True
Is 26839330 even?
True
Is 311 a factor of 68331144?
False
Is 554219922 a multiple of 186?
True
Is 12207 a factor of 4976651095?
False
Does 50 divide 127325014?
False
Is 20 a factor of 384556797?
False
Is 62 a factor of 901092376?
True
Is 181063820 a multiple of 145?
True
Does 60 divide 1703960460?
True
Is 1231909008 a multiple of 3743?
False
Does 585 divide 26867880?
True
Is 1462712166 a multiple of 18?
True
Is 167770760 a multiple of 151?
False
Is 107 a factor of 30180038?
False
Is 74549794 a multiple of 7?
False
Is 365801490 a multiple of 855?
True
Does 81 divide 10839825?
True
Is 464216197 a multiple of 2659?
True
Is 59 a factor of 619986101?
True
Is 38940270 a multiple of 717?
True
Is 4805 a factor of 1105318175?
True
Is 4598 a multiple of 121?
True
Is 63 a factor of 35954359?
False
Is 4197 a factor of 174487218?
False
Is 61688223 a multiple of 1853?
True
Is 1303 a factor of 2119910638?
True
Is 140 a factor of 20787785?
False
Is 359239410 a multiple of 1094?
False
Is 59219573 a multiple of 450?
False
Is 21198158 a multiple of 18?
False
Is 66317357 a multiple of 648?
False
Is 34400916 a multiple of 1259?
True
Does 29 divide 1309415583?
False
Does 3115 divide 97592950?
True
Is 4 a factor of 323623494?
False
Is 132849805 a multiple of 24?
False
Is 16968667 a multiple of 16?
False
Is 190032 a multiple of 6?
True
Is 2285 a factor of 55580340?
True
Does 8 divide 1117216033?
False
Does 59 divide 1063309886?
False
Is 159366269 a multiple of 107?
False
Is 14 a factor of 441147084?
True
Is 93498678 a multiple of 100?
False
Is 71 a factor of 3692?
True
Is 82911954 a multiple of 426?
True
Is 207767877 a multiple of 1036?
False
Does 194 divide 106462350?
True
Does 33 divide 424891305?
False
Is 102110529 a multiple of 8?
False
Does 17 divide 2468876?
True
Is 95 a factor of 70147876?
False
Is 1688451648 a multiple of 104?
True
Is 472368886 a multiple of 682?
True
Does 75 divide 7576575?
True
Does 188 divide 8652276?
False
Is 27869304 a multiple of 12?
True
Is 6247836 a multiple of 36?
True
Is 17 a factor of 1076667018?
True
Does 924 divide 11906974?
False
Is 293295872 a multiple of 64?
True
Is 4615 a factor of 20598830?
False
Does 4 divide 43548396?
True
Is 121 a factor of 258334426?
False
Does 44 divide 20165889?
False
Does 7 divide 357332062?
False
Is 388 a factor of 13565256?
True
Is 4 a factor of 38588436?
True
Is 51 a factor of 1337985?
True
Does 4 divide 540571?
False
Is 87968967 a multiple of 386?
False
Is 9 a factor of 30072292?
False
Does 23 divide 169903185?
True
Is 629967547 a multiple of 78?
False
Does 199 divide 65116183?
True
Does 73 divide 1066311?
True
Does 155 divide 857914149?
False
Is 277832921 a multiple of 103?
True
Is 10568094 a multiple of 398?
True
Is 181567680 a multiple of 492?
True
Is 475 a factor of 16513949?
False
Is 316066621 a multiple of 377?
True
Does 17 divide 11558594?
False
Is 238 a factor of 130433435?
False
Is 39 a factor of 39296460?
False
Is 379 a factor of 548413?
True
Does 5926 divide 2182196166?
True
Does 180 divide 271202860?
False
Is 5 a factor of 16423835?
True
Is 98368200 a multiple of 20?
True
Does 17 divide 85907093?
False
Is 25 a factor of 148263675?
True
Is 14 a factor of 15045651?
False
Does 9 divide 240526896?
False
Is 2664 a factor of 87602976?
True
Is 71 a factor of 68633499?
True
Is 21 a factor of 499824276?
True
Is 26 a factor of 57908?
False
Does 4 divide 6478988?
True
Is 17 a factor of 784321901?
False
Is 7704819 a multiple of 89?
True
Is 38 a factor of 52685754?
False
Is 2824 a factor of 139385456?
False
Does 195 divide 22196070?
True
Is 335055064 a multiple of 358?
True
Does 4018 divide 767438?
True
Does 1251 divide 60219387?
True
Does 3164 divide 1966698671?
False
Is 284 a factor of 465300006?
False
Is 896873495 a multiple of 35?
True
Is 39 a factor of 259383891?
True
Is 3458666709 a multiple of 14753?
False
Is 440 a factor of 722589?
False
Is 590 a factor of 20147027?
False
Does 3624 divide 91571232?
True
Is 484 a factor of 9046444?
True
Does 16 divide 12582064?
True
Is 186 a factor of 2183399333?
False
Is 4835 a factor of 614939475?
True
Does 24 divide 14501733?
False
Is 858 a factor of 65937124?
False
Is 368 a factor of 147306720?
True
Does 75 divide 52212414?
False
Does 413 divide 37504943?
True
Is 601 a factor of 733246444?
True
Is 71 a factor of 36477528?
True
Is 1073 a factor of 635323323?
False
Is 50412487 a multiple of 53?
True
Is 19843524 a multiple of 2?
True
Is 15 a factor of 49516110?
True
Is 40900272 a multiple of 56?
True
Does 21 divide 3096534267?
False
Is 92 a factor of 862233292?
True
Is 21 a factor of 1016857657?
Fals